{"id":152,"date":"2023-11-09T21:13:00","date_gmt":"2023-11-09T21:13:00","guid":{"rendered":"https:\/\/deltacientifica.com.br\/deltasaude2024\/?page_id=152"},"modified":"2026-03-06T11:18:10","modified_gmt":"2026-03-06T14:18:10","slug":"hospedagem","status":"publish","type":"page","link":"https:\/\/deltacientifica.com.br\/deltasaude2026\/hospedagem\/","title":{"rendered":"Hospedagem"},"content":{"rendered":"<p>&nbsp;<\/p>\n<p style=\"text-align: center;\"><strong>HOSPEDAGEM DO DELTA SA\u00daDE 2026<\/strong><\/p>\n<p><script src=\"https:\/\/doity.com.br\/js\/box_inscricao.js\" type=\"text\/javascript\"><\/script> <iframe id=\"iframe-inscricao\" style=\"width: 100%; height: 500px; border: none;\" src=\"https:\/\/doity.com.br\/hospedagem-delta-saude-215964-20260303153119\/passo1?box=1\" scrolling=\"0\"> <\/iframe><\/p>\n<p style=\"text-align: center; color: #666672; font-size: 14px; font-family: 'Open Sans',Helvetica, Arial, sans-serif; font-weight: bolder;\">Caso n\u00e3o consiga fazer a inscri\u00e7\u00e3o <a href=\"https:\/\/doity.com.br\/hospedagem-delta-saude-215964-20260303153119\" target=\"_blank\" rel=\"noopener\">clique aqui <\/a><\/p>\n","protected":false},"excerpt":{"rendered":"<p>&nbsp; HOSPEDAGEM DO DELTA SA\u00daDE 2026 Caso n\u00e3o consiga fazer a inscri\u00e7\u00e3o clique aqui<\/p>\n","protected":false},"author":1,"featured_media":3266,"parent":0,"menu_order":0,"comment_status":"closed","ping_status":"closed","template":"elementor_header_footer","meta":{"footnotes":""},"class_list":["post-152","page","type-page","status-publish","has-post-thumbnail","hentry"],"yoast_head":"<!-- This site is optimized with the Yoast SEO plugin v26.4 - https:\/\/yoast.com\/wordpress\/plugins\/seo\/ -->\n<title>Hospedagem - Delta Sa\u00fade<\/title>\n<meta name=\"description\" content=\"Confira as op\u00e7\u00f5es de hospedagem sugeridas pela comiss\u00e3o organizadora do VI Congresso Internacional de Sa\u00fade P\u00fablica - COPISP 2025 para os dias do evento!\" \/>\n<meta name=\"robots\" content=\"index, follow, max-snippet:-1, max-image-preview:large, max-video-preview:-1\" \/>\n<link rel=\"canonical\" href=\"https:\/\/deltacientifica.com.br\/deltasaude2026\/hospedagem\/\" \/>\n<meta property=\"og:locale\" content=\"pt_BR\" \/>\n<meta property=\"og:type\" content=\"article\" \/>\n<meta property=\"og:title\" content=\"Hospedagem - Delta Sa\u00fade\" \/>\n<meta property=\"og:description\" content=\"Confira as op\u00e7\u00f5es de hospedagem sugeridas pela comiss\u00e3o organizadora do VI Congresso Internacional de Sa\u00fade P\u00fablica - COPISP 2025 para os dias do evento!\" \/>\n<meta property=\"og:url\" content=\"https:\/\/deltacientifica.com.br\/deltasaude2026\/hospedagem\/\" \/>\n<meta property=\"og:site_name\" content=\"Delta Sa\u00fade\" \/>\n<meta property=\"article:modified_time\" content=\"2026-03-06T14:18:10+00:00\" \/>\n<meta property=\"og:image\" content=\"https:\/\/deltacientifica.com.br\/deltasaude2026\/wp-content\/uploads\/2024\/10\/banner-topo-mobile.png\" \/>\n\t<meta property=\"og:image:width\" content=\"1080\" \/>\n\t<meta property=\"og:image:height\" content=\"1080\" \/>\n\t<meta property=\"og:image:type\" content=\"image\/png\" \/>\n<meta name=\"twitter:card\" content=\"summary_large_image\" \/>\n<meta name=\"twitter:label1\" content=\"Est. tempo de leitura\" \/>\n\t<meta name=\"twitter:data1\" content=\"1 minuto\" \/>\n<script type=\"application\/ld+json\" class=\"yoast-schema-graph\">{\"@context\":\"https:\/\/schema.org\",\"@graph\":[{\"@type\":\"WebPage\",\"@id\":\"https:\/\/deltacientifica.com.br\/deltasaude2026\/hospedagem\/\",\"url\":\"https:\/\/deltacientifica.com.br\/deltasaude2026\/hospedagem\/\",\"name\":\"Hospedagem - Delta Sa\u00fade\",\"isPartOf\":{\"@id\":\"https:\/\/deltacientifica.com.br\/deltasaude2026\/#website\"},\"primaryImageOfPage\":{\"@id\":\"https:\/\/deltacientifica.com.br\/deltasaude2026\/hospedagem\/#primaryimage\"},\"image\":{\"@id\":\"https:\/\/deltacientifica.com.br\/deltasaude2026\/hospedagem\/#primaryimage\"},\"thumbnailUrl\":\"https:\/\/deltacientifica.com.br\/deltasaude2026\/wp-content\/uploads\/2024\/10\/banner-topo-mobile.png\",\"datePublished\":\"2023-11-09T21:13:00+00:00\",\"dateModified\":\"2026-03-06T14:18:10+00:00\",\"description\":\"Confira as op\u00e7\u00f5es de hospedagem sugeridas pela comiss\u00e3o organizadora do VI Congresso Internacional de Sa\u00fade P\u00fablica - COPISP 2025 para os dias do evento!\",\"breadcrumb\":{\"@id\":\"https:\/\/deltacientifica.com.br\/deltasaude2026\/hospedagem\/#breadcrumb\"},\"inLanguage\":\"pt-BR\",\"potentialAction\":[{\"@type\":\"ReadAction\",\"target\":[\"https:\/\/deltacientifica.com.br\/deltasaude2026\/hospedagem\/\"]}]},{\"@type\":\"ImageObject\",\"inLanguage\":\"pt-BR\",\"@id\":\"https:\/\/deltacientifica.com.br\/deltasaude2026\/hospedagem\/#primaryimage\",\"url\":\"https:\/\/deltacientifica.com.br\/deltasaude2026\/wp-content\/uploads\/2024\/10\/banner-topo-mobile.png\",\"contentUrl\":\"https:\/\/deltacientifica.com.br\/deltasaude2026\/wp-content\/uploads\/2024\/10\/banner-topo-mobile.png\",\"width\":1080,\"height\":1080},{\"@type\":\"BreadcrumbList\",\"@id\":\"https:\/\/deltacientifica.com.br\/deltasaude2026\/hospedagem\/#breadcrumb\",\"itemListElement\":[{\"@type\":\"ListItem\",\"position\":1,\"name\":\"In\u00edcio\",\"item\":\"https:\/\/deltacientifica.com.br\/deltasaude2026\/\"},{\"@type\":\"ListItem\",\"position\":2,\"name\":\"Hospedagem\"}]},{\"@type\":\"WebSite\",\"@id\":\"https:\/\/deltacientifica.com.br\/deltasaude2026\/#website\",\"url\":\"https:\/\/deltacientifica.com.br\/deltasaude2026\/\",\"name\":\"Delta Sa\u00fade\",\"description\":\"Congresso Internacional de Sa\u00fade P\u00fablica do Delta do Parna\u00edba\",\"publisher\":{\"@id\":\"https:\/\/deltacientifica.com.br\/deltasaude2026\/#organization\"},\"potentialAction\":[{\"@type\":\"SearchAction\",\"target\":{\"@type\":\"EntryPoint\",\"urlTemplate\":\"https:\/\/deltacientifica.com.br\/deltasaude2026\/?s={search_term_string}\"},\"query-input\":{\"@type\":\"PropertyValueSpecification\",\"valueRequired\":true,\"valueName\":\"search_term_string\"}}],\"inLanguage\":\"pt-BR\"},{\"@type\":\"Organization\",\"@id\":\"https:\/\/deltacientifica.com.br\/deltasaude2026\/#organization\",\"name\":\"Delta Sa\u00fade\",\"url\":\"https:\/\/deltacientifica.com.br\/deltasaude2026\/\",\"logo\":{\"@type\":\"ImageObject\",\"inLanguage\":\"pt-BR\",\"@id\":\"https:\/\/deltacientifica.com.br\/deltasaude2026\/#\/schema\/logo\/image\/\",\"url\":\"https:\/\/deltacientifica.com.br\/deltasaude2026\/wp-content\/uploads\/2023\/10\/Untitled-1.png\",\"contentUrl\":\"https:\/\/deltacientifica.com.br\/deltasaude2026\/wp-content\/uploads\/2023\/10\/Untitled-1.png\",\"width\":1681,\"height\":799,\"caption\":\"Delta Sa\u00fade \"},\"image\":{\"@id\":\"https:\/\/deltacientifica.com.br\/deltasaude2026\/#\/schema\/logo\/image\/\"}}]}<\/script>\n<!-- \/ Yoast SEO plugin. -->","yoast_head_json":{"title":"Hospedagem - Delta Sa\u00fade","description":"Confira as op\u00e7\u00f5es de hospedagem sugeridas pela comiss\u00e3o organizadora do VI Congresso Internacional de Sa\u00fade P\u00fablica - COPISP 2025 para os dias do evento!","robots":{"index":"index","follow":"follow","max-snippet":"max-snippet:-1","max-image-preview":"max-image-preview:large","max-video-preview":"max-video-preview:-1"},"canonical":"https:\/\/deltacientifica.com.br\/deltasaude2026\/hospedagem\/","og_locale":"pt_BR","og_type":"article","og_title":"Hospedagem - Delta Sa\u00fade","og_description":"Confira as op\u00e7\u00f5es de hospedagem sugeridas pela comiss\u00e3o organizadora do VI Congresso Internacional de Sa\u00fade P\u00fablica - COPISP 2025 para os dias do evento!","og_url":"https:\/\/deltacientifica.com.br\/deltasaude2026\/hospedagem\/","og_site_name":"Delta Sa\u00fade","article_modified_time":"2026-03-06T14:18:10+00:00","og_image":[{"width":1080,"height":1080,"url":"https:\/\/deltacientifica.com.br\/deltasaude2026\/wp-content\/uploads\/2024\/10\/banner-topo-mobile.png","type":"image\/png"}],"twitter_card":"summary_large_image","twitter_misc":{"Est. tempo de leitura":"1 minuto"},"schema":{"@context":"https:\/\/schema.org","@graph":[{"@type":"WebPage","@id":"https:\/\/deltacientifica.com.br\/deltasaude2026\/hospedagem\/","url":"https:\/\/deltacientifica.com.br\/deltasaude2026\/hospedagem\/","name":"Hospedagem - Delta Sa\u00fade","isPartOf":{"@id":"https:\/\/deltacientifica.com.br\/deltasaude2026\/#website"},"primaryImageOfPage":{"@id":"https:\/\/deltacientifica.com.br\/deltasaude2026\/hospedagem\/#primaryimage"},"image":{"@id":"https:\/\/deltacientifica.com.br\/deltasaude2026\/hospedagem\/#primaryimage"},"thumbnailUrl":"https:\/\/deltacientifica.com.br\/deltasaude2026\/wp-content\/uploads\/2024\/10\/banner-topo-mobile.png","datePublished":"2023-11-09T21:13:00+00:00","dateModified":"2026-03-06T14:18:10+00:00","description":"Confira as op\u00e7\u00f5es de hospedagem sugeridas pela comiss\u00e3o organizadora do VI Congresso Internacional de Sa\u00fade P\u00fablica - COPISP 2025 para os dias do evento!","breadcrumb":{"@id":"https:\/\/deltacientifica.com.br\/deltasaude2026\/hospedagem\/#breadcrumb"},"inLanguage":"pt-BR","potentialAction":[{"@type":"ReadAction","target":["https:\/\/deltacientifica.com.br\/deltasaude2026\/hospedagem\/"]}]},{"@type":"ImageObject","inLanguage":"pt-BR","@id":"https:\/\/deltacientifica.com.br\/deltasaude2026\/hospedagem\/#primaryimage","url":"https:\/\/deltacientifica.com.br\/deltasaude2026\/wp-content\/uploads\/2024\/10\/banner-topo-mobile.png","contentUrl":"https:\/\/deltacientifica.com.br\/deltasaude2026\/wp-content\/uploads\/2024\/10\/banner-topo-mobile.png","width":1080,"height":1080},{"@type":"BreadcrumbList","@id":"https:\/\/deltacientifica.com.br\/deltasaude2026\/hospedagem\/#breadcrumb","itemListElement":[{"@type":"ListItem","position":1,"name":"In\u00edcio","item":"https:\/\/deltacientifica.com.br\/deltasaude2026\/"},{"@type":"ListItem","position":2,"name":"Hospedagem"}]},{"@type":"WebSite","@id":"https:\/\/deltacientifica.com.br\/deltasaude2026\/#website","url":"https:\/\/deltacientifica.com.br\/deltasaude2026\/","name":"Delta Sa\u00fade","description":"Congresso Internacional de Sa\u00fade P\u00fablica do Delta do Parna\u00edba","publisher":{"@id":"https:\/\/deltacientifica.com.br\/deltasaude2026\/#organization"},"potentialAction":[{"@type":"SearchAction","target":{"@type":"EntryPoint","urlTemplate":"https:\/\/deltacientifica.com.br\/deltasaude2026\/?s={search_term_string}"},"query-input":{"@type":"PropertyValueSpecification","valueRequired":true,"valueName":"search_term_string"}}],"inLanguage":"pt-BR"},{"@type":"Organization","@id":"https:\/\/deltacientifica.com.br\/deltasaude2026\/#organization","name":"Delta Sa\u00fade","url":"https:\/\/deltacientifica.com.br\/deltasaude2026\/","logo":{"@type":"ImageObject","inLanguage":"pt-BR","@id":"https:\/\/deltacientifica.com.br\/deltasaude2026\/#\/schema\/logo\/image\/","url":"https:\/\/deltacientifica.com.br\/deltasaude2026\/wp-content\/uploads\/2023\/10\/Untitled-1.png","contentUrl":"https:\/\/deltacientifica.com.br\/deltasaude2026\/wp-content\/uploads\/2023\/10\/Untitled-1.png","width":1681,"height":799,"caption":"Delta Sa\u00fade "},"image":{"@id":"https:\/\/deltacientifica.com.br\/deltasaude2026\/#\/schema\/logo\/image\/"}}]}},"_links":{"self":[{"href":"https:\/\/deltacientifica.com.br\/deltasaude2026\/wp-json\/wp\/v2\/pages\/152","targetHints":{"allow":["GET"]}}],"collection":[{"href":"https:\/\/deltacientifica.com.br\/deltasaude2026\/wp-json\/wp\/v2\/pages"}],"about":[{"href":"https:\/\/deltacientifica.com.br\/deltasaude2026\/wp-json\/wp\/v2\/types\/page"}],"author":[{"embeddable":true,"href":"https:\/\/deltacientifica.com.br\/deltasaude2026\/wp-json\/wp\/v2\/users\/1"}],"replies":[{"embeddable":true,"href":"https:\/\/deltacientifica.com.br\/deltasaude2026\/wp-json\/wp\/v2\/comments?post=152"}],"version-history":[{"count":12,"href":"https:\/\/deltacientifica.com.br\/deltasaude2026\/wp-json\/wp\/v2\/pages\/152\/revisions"}],"predecessor-version":[{"id":41840,"href":"https:\/\/deltacientifica.com.br\/deltasaude2026\/wp-json\/wp\/v2\/pages\/152\/revisions\/41840"}],"wp:featuredmedia":[{"embeddable":true,"href":"https:\/\/deltacientifica.com.br\/deltasaude2026\/wp-json\/wp\/v2\/media\/3266"}],"wp:attachment":[{"href":"https:\/\/deltacientifica.com.br\/deltasaude2026\/wp-json\/wp\/v2\/media?parent=152"}],"curies":[{"name":"wp","href":"https:\/\/api.w.org\/{rel}","templated":true}]}}